.
-71
Let p(s) be the first derivative of s**3/3 + 51*s**2/2 + 150*s + 6253. Determine p(-48).
6
Let a(n) = -6*n + 2. Let f(y) = 1461*y + 8768. Let p be f(-6). Give a(p).
-10
Suppose 94 = 3*g - 341. Suppose 25 = 17*f - g. Let m(r) = -r**3 + 9*r**2 + 10*r. Give m(f).
0
Let j(a) = 2*a**3 + 23*a**2 + a - 14. Let z(q) = 3*q**3 + 34*q**2 + q - 21. Let w(l) = 7*j(l) - 5*z(l). Suppose -28*g - 3466 = -3214. Give w(g).
-11
Let p(a) = -463*a + 4632. Let j be p(10). Let v(q) be the third derivative of -12*q**j - 1/60*q**5 + 0 + 0*q - 5/24*q**4 - 1/2*q**3. Calculate v(-4).
1
Let z = 4 + -3. Let x(d) = 11*d**3 - 49*d. Let l(a) = -7*a**3 + 35*a. Let f(w) = 7*l(w) + 5*x(w). Determine f(z).
6
Let p be (-80)/600 + 58/(-15) - -11. Let y(j) = -j**3 + 5*j**2 + 13*j + 7. Determine y(p).
0
Let h(o) be the first derivative of -3*o**2/2 + 2*o - 4392. What is h(3)?
-7
Let x(t) = t**2 + 4*t + 1. Let s(v) = v**2 - 12*v + 35. Let a(q) = q**2 - 16*q - 97. Let f be a(21). Let n be s(f). Give x(n).
22
Let w(j) be the second derivative of -j**8/6720 + j**6/720 - 3*j**5/40 - 39*j**4/4 + 5*j - 3. Let n(r) be the third derivative of w(r). What is n(0)?
-9
Let q(j) = j**2. Let i(w) = -3*w**2 + 6*w - 12. Let r(k) = 21*k + 106. Let a be r(-5). Let g(h) = a*i(h) + 2*q(h). Determine g(5).
-7
Let z(h) = 2*h**2 - 10*h. Let b(t) = t**2 - t. Let y(l) = 3*b(l) - z(l). Let q = 176 - 181. Calculate y(q).
-10
Let b(a) = 15*a + 85 + 19 - 234 + 72 - 30. Calculate b(7).
17
Let r(k) = -13*k**3 - 45*k**2 + 29*k + 43. Let h(a) = 15*a**3 + 48*a**2 - 30*a - 44. Let q(m) = -7*h(m) - 8*r(m). What is q(23)?
-13
Let a(x) = -3*x - 4*x**2 - 3 - 3*x**2 + 2*x**2 - x**3 + x**2 - x**2. Let g(w) = -4*w - 3. Let y be g(0). Calculate a(y).
-12
Let q(d) be the first derivative of 0*d**3 - d - d**2 + 3/4*d**4 - 16. Let l(j) = -j**2 + j - 1. Let k be l(0). Give q(k).
-2
Let z(n) = 2*n**2 - 25*n + 22. Let b = -4437 - -4448. Give z(b).
-11
Suppose -23*z + 17*z = -30. Suppose z*u - 111 + 106 = 0. Let v(t) = -10*t + 2. Determine v(u).
-8
Let p(l) = -3*l - 21. Let q(u) = -u**2 - u + 11. Let b be q(-5). Let n be p(b). Let j(k) = k + 3. What is j(n)?
9
Let f be 8/(-6) + (-9108)/(-594). Let o(x) = 10*x - 67. What is o(f)?
73
Let i(u) be the first derivative of 2*u**2 - 35*u + 16. Let v be i(9). Let x(b) = -b**3 + 139*b - 5*b**2 + v - 69*b - 71*b. Determine x(-5).
6
Let w(b) = 3*b**3 - 2*b**2 + 2*b - 4. Suppose 0 = m - 4*z - 18, 22 = 7*m - 4*m - 4*z. Give w(m).
16
Let w(h) = 3*h**2 + 38*h - 5. Let r be w(-13). Let p(d) = 3*d + 16. Calculate p(r).
40
Let s = 692 + -926. Let x = s - -236. Let j(k) = -3 + 2*k + 2 + 2. Give j(x).
5
Suppose 10*x + 35 = 5*x. Let i = -10 - x. Let g(k) be the first derivative of -k**4/4 - k**3 + 3*k**2/2 - 4*k - 37. Give g(i).
-13
Suppose -3*n = -6, 5*n - 42 + 16 = 2*g. Let b(c) = -c**2 - 3*c - 18. Give b(g).
-58
Let v(b) = 23*b - 766. Suppose 4*r - 14*h + 12*h - 146 = 0, -h = -26*r + 865. Calculate v(r).
-7
Let j(n) = n**2 - 10*n - 15. Let l = 12 + 6. Let x be (-42)/(-4)*4*(-6)/l. Let u(c) = -c**3 - 14*c**2 + c + 25. Let z be u(x). Give j(z).
-4
Suppose 807 = 266*z - 1228 + 705. Let r(i) be the third derivative of -1/8*i**4 + 24*i**2 + 0*i + 1/30*i**z + 0 + 0*i**3. What is r(2)?
2
Let o = 194 - 192. Let b(u) = 9*u**2 + 6*u**o - u**3 + 0*u**2 - 2 - u - 14*u**2 - u**3. Calculate b(-2).
20
Let x(p) = -p**3 + 18*p**2 - 6*p + 157. Let q(m) = m**2 - 1. Let v(a) = 9*q(a) - x(a). What is v(10)?
-6
Suppose -590 = -178*u + 29*u + 453. Let h(d) = 2*d**2 - 25*d + 81. Determine h(u).
4
Let d(g) = 5473*g - 19 + 12 - 5476*g + 3*g**2. Determine d(5).
53
Suppose -18*f + 151 + 189 = -2. Let k(j) = 5*j - 117. Give k(f).
-22
Suppose 7*i - 8 = 3*i + 3*x, 0 = i - x - 2. Let l(q) be the second derivative of q**3 + 1/12*q**4 - 8*q + 0 + 3/2*q**i. Give l(-4).
-5
Let k = 67 - 72. Let o(c) = 7*c - 4. Let a(u) = 8*u - 5. Let j(i) = k*a(i) + 6*o(i). Let l(b) = b**3 + 20*b**2 + 18*b - 22. Let q be l(-19). Calculate j(q).
-5
Let h(n) = -9*n + 36 + 31*n**2 - 14 - 30*n**2. Let j be h(4). Let q(v) = -7*v**3 + 15*v**3 - 7*v**3 + v**j. Calculate q(-2).
-4
Let u be 19 + -6*49/21. Let j(s) = -18*s + 80. Determine j(u).
-10
Let d(o) = -4*o**2 + 25*o - 34. Let j = -25356 + 25360. What is d(j)?
2
Let b(x) = -7*x**2 + 43*x + x**3 - 1 - 15*x - 3 + 4*x**2 - 31*x. Suppose -10 = -4*w + 2*f, -4*w - 5*f + 11 = -5*w. Let m be w/18 - (-50)/18. What is b(m)?
-13
Let k(p) = p**2 - 2*p + 1. Suppose -o - 2*a + 53 = 4*o, -43 = -3*o - 4*a. Let d be 12/102 - (-2)/(102/(-2301)). Let t be (o/d + (-22)/(-10))*2. Determine k(t).
9
Let j(b) = b - 2. Let c(u) = -u + 3. Let z(w) = -5*c(w) - 7*j(w). Suppose -g = -2*y, -8*y + 13*y + 5 = 0. Calculate z(g).
3
Let s be (-2)/(((-76)/(-24) + -3)*-2). Suppose -2*t + 3*n = 14, -t - 4*n - 8 = -s*n. Let y(i) = i - 2. Give y(t).
-6
Let w be 70/(-8) + -3 - 3/12. Let q be (-1 - 52/w)*(-24)/(-10). Let n(h) = 8*h + 134*h**2 + q - 133*h**2 + 2. Give n(-8).
10
Let z(a) = -2*a - 5. Let y(h) = 4*h**2 + 3*h - 7. Let u = -27 - -24. Let n be y(u). Suppose -5*c - 3*l = n, c - 4*l = 1 - 5. Determine z(c).
3
Let t(f) = 21*f + 265. Let l be t(-13). Let d(x) = -3*x - 2. Let u(q) = q. Let w(i) = d(i) + 5*u(i). Give w(l).
-18
Suppose -2*w - 3*r - 2 + 26 = 0, -5*w + 4*r + 14 = 0. Let z(x) = x**2 - 5994*x + 2973*x + 3019*x - 4. Determine z(w).
20
Let z(p) = -107*p**3 + 10*p + 4. Let x(u) = 95*u**3 - 9*u - 3. Let v(s) = -9*x(s) - 8*z(s). What is v(-3)?
-35
Let d(w) = -w**3 + 3*w - 3. Suppose 3*h - 5*x - 20 = 0, -2*h - 4*x - 5 = -11. Suppose 2*z + h*n = 4*n + 5, -3*z + 3*n + 3 = 0. Give d(z).
-5
Let v(b) = 746 + 733 - 2231 + 746 + 2*b. Give v(-9).
-24
Suppose 0*o + 350 = 7*o. Suppose 0 = 2*f - o + 8. Suppose 0 = -4*c + 17 - f. Let a(z) = -5*z. Calculate a(c).
5
Suppose -368 = -2542*p + 2526*p. Let l(m) = -m**2 + 34*m - 250. Determine l(p).
3
Let m = 169 + -183. Let r(f) = -f**2 - 18*f - 58. Let l be r(m). Let z(q) = -9*q**2 - 7*q. Let b(u) = -8*u**2 - 6*u. Let c(v) = 6*b(v) - 5*z(v). Give c(l).
-10
Let o(x) = -394*x**2 - 8*x + 195*x**2 + 186*x**2 + 5. Let l(f) = 2*f**2 + f. Let q(g) = 6*l(g) + o(g). What is q(0)?
5
Let t(m) = m - 16*m + 20*m - 3*m - 20. Give t(-2).
-24
Let f(p) = -p**2 + 10*p - 3. Let h(u) = 3*u - 57. Let x(r) = r - 19. Let d(w) = 2*h(w) - 7*x(w). Let o be d(13). Let j be 6*(-3)/o*-3. Give f(j).
6
Let k = -44 + 42. Let a(r) = 23*r**2 + 10*r - 2. Let z(s) = -9*s**2 - 4*s + 1. Let c(b) = -2*a(b) - 5*z(b). Calculate c(k).
-5
Let k(g) = g + 2. Let m(j) = 6*j + 10. Let f(x) = 22*k(x) - 4*m(x). Let w(p) = -3*p + 3. Let q(l) = 4*f(l) - 3*w(l). Suppose 141*u = 199*u + 754. Give q(u).
-6
Let v(i) = -15*i - 1993. Let b be v(-134). Let y(f) be the first derivative of f**3/3 - 17*f**2/2 - 2*f + 1. Calculate y(b).
-2
Let g(w) = w**2 + 2*w - 1. Let n(t) = 7*t**2 - 3*t - 19. Suppose -69 + 27 = 42*q. Let u(v) = q*n(v) + 6*g(v). Calculate u(16).
-3
Let w be (9 + -14)/(-15) - (-64)/6. Let t(f) = f + 8*f + w - 13*f**2 + 7*f**2 - f**3 - f**2. Let g be (-6)/(-33) + 90/(-11). Determine t(g).
3
Let d(y) be the second derivative of 3*y**4/4 + y**3/2 + y**2/2 + y. Let u = -64428 + 64426. Determine d(u).
31
Let t(f) = f**2 - 7*f - 1 + 2 + 1. Suppose -28*w - 2*z - 36 = -31*w, 5*z = -2*w - 14. Calculate t(w).
10
Let r(i) = 19*i - 160. Let m(z) = -17*z + 161. Let o(w) = -5*m(w) - 6*r(w). Let j be o(5). Let p(v) = -v**3 + 10*v**2 - 2*v + 24. What is p(j)?
4
Let m = -5801 - -5791. Let d(k) = k**3 + 11*k**2 + 13*k + 3. Calculate d(m).
-27
Let q(o) = 72*o + 507. Let m be q(-7). Let n(b) = 38*b + b**2 - 31*b - 2*b**2 - 3. Calculate n(m).
9
Suppose -164 = -187*u + 183*u. Let g(t) = 5*t + u - 56 - 4*t. Give g(14).
-1
Let c be 3 + 7/(28/(-16)) + -11. Let u be (-76)/c + 2*(-1)/6. Let p(q) = -2*q + 5 + 4 - 7 + 3. What is p(u)?
-7
Let c(t) = -3*t - 2. Let o = 1968 - 1272. Let d = 701 - o. What is c(d)?
-17
Suppose -4*k - 5*d + 153 = -286, 3 = -3*d. Let u be k/18 - 1/6. Let p(n) = -n**2 - 2 + n**2 + 2*n**2 - 3*n**2 + 7*n. Calculate p(u).
4
Suppose 1055 - 1615 = -20*h. Let l(u) = 3*u - 72. What is l(h)?
12
Let u(t) = 0*t + 3*t - t + 5. Suppose 46*k + 47*k = -93. Let o(p) = 1. Let j(l) = k*u(l) + 6*o(l). What is j(3)?
-5
Let l(p) be the third derivative of p**4/6 + 4*p**3/3 + 79*p**2. Suppose -9*x - 7 = -6*x - a, 3*x = 2*a - 5. What is l(x)?
-4
Let m(q) = q**3 + 